digit of 1761240946?
1
What is the hundred thousands digit of 4842813692?
8
What is the ten thousands digit of 25878980?
7
What is the ten thousands digit of 946080508?
8
What is the hundreds digit of 3324164997?
9
What is the hundreds digit of 364889891?
8
What is the ten thousands digit of 3742553?
4
What is the units digit of 38394884?
4
What is the thousands digit of 208355259?
5
What is the tens digit of 13170208?
0
What is the ten thousands digit of 472460208?
6
What is the hundreds digit of 135900914?
9
What is the hundreds digit of 227716031?
0
What is the ten millions digit of 132061322?
3
What is the tens digit of 191968697?
9
What is the ten millions digit of 1599607608?
9
What is the ten thousands digit of 192208209?
0
What is the millions digit of 496674539?
6
What is the millions digit of 576300554?
6
What is the hundreds digit of 253886318?
3
What is the hundred thousands digit of 1155229?
1
What is the tens digit of 57096642?
4
What is the thousands digit of 7370169?
0
What is the millions digit of 331308303?
1
What is the hundreds digit of 460586498?
4
What is the tens digit of 383301994?
9
What is the billions digit of 2049973742?
2
What is the thousands digit of 51597074?
7
What is the units digit of 490580943?
3
What is the thousands digit of 273900117?
0
What is the millions digit of 45178377?
5
What is the thousands digit of 55725592?
5
What is the millions digit of 521623035?
1
What is the hundreds digit of 362660183?
1
What is the tens digit of 778426877?
7
What is the thousands digit of 319025270?
5
What is the hundred millions digit of 1314377280?
3
What is the hundreds digit of 558946716?
7
What is the hundred thousands digit of 122182639?
1
What is the ten millions digit of 1328621487?
2
What is the millions digit of 70648396?
0
What is the ten millions digit of 3158890169?
5
What is the units digit of 63931102?
2
What is the millions digit of 44322566?
4
What is the tens digit of 139154087?
8
What is the ten thousands digit of 3060073385?
7
What is the hundred millions digit of 102460041?
1
What is the hundred millions digit of 1078852253?
0
What is the hundred millions digit of 2360004248?
3
What is the hundred thousands digit of 1188224222?
2
What is the ten thousands digit of 2005418004?
1
What is the tens digit of 171642414?
1
What is the millions digit of 1711052948?
1
What is the ten thousands digit of 568201312?
0
What is the hundred thousands digit of 328063817?
0
What is the hundreds digit of 521948828?
8
What is the units digit of 156412537?
7
What is the billions digit of 3367113162?
3
What is the millions digit of 39222889?
9
What is the units digit of 96844948?
8
What is the units digit of 374394087?
7
What is the thousands digit of 36336003?
6
What is the units digit of 470880167?
7
What is the hundred millions digit of 2593993566?
5
What is the thousands digit of 2658689616?
9
What is the thousands digit of 1107347715?
7
What is the units digit of 2260009871?
1
What is the billions digit of 2936782294?
2
What is the hundreds digit of 368853969?
9
What is the ten thousands digit of 965738486?
3
What is the millions digit of 129114577?
9
What is the millions digit of 786380188?
6
What is the units digit of 302448037?
7
What is the hundred thousands digit of 31476921?
4
What is the ten thousands digit of 64728407?
2
What is the hundred thousands digit of 39518273?
5
What is the millions digit of 3545372341?
5
What is the thousands digit of 1799944069?
4
What is the millions digit of 5589289129?
9
What is the tens digit of 939268923?
2
What is the hundreds digit of 5280925?
9
What is the ten millions digit of 2076524937?
7
What is the tens digit of 55527881?
8
What is the thousands digit of 334630511?
0
What is the hundred thousands digit of 692729405?
7
What is the thousands digit of 2343684631?
4
What is the hundreds digit of 136234187?
1
What is the tens digit of 133606277?
7
What is the ten thousands digit of 216553143?
5
What is the ten thousands digit of 64563749?
6
What is the billions digit of 1305504029?
1
What is the hundred millions digit of 989542411?
9
What is the ten thousands digit of 830320176?
2
What is the tens digit of 191158594?
9
What is the ten thousands digit of 2040036387?
3
What is the tens digit of 68721592?
9
What is the ten millions digit of 170496609?
7
What is the thousands digit of 32679398?
9
What is the units digit of 4903208?
8
What is the hundred millions digit of 165826428?
1
What is the units digit of 139245578?
8
What is the thousands digit of 186661087?
1
What is the hundred thousands digit of 881089?
8
What is the hundred millions digit of 1984973280?
9
What is the units digit of 222862850?
0
What is the thousands digit of 49140290?
0
What is the hundred millions digit of 585411083?
5
What is the millions digit of 368489172?
8
What is the hundred thousands digit of 233890945?
8
What is the tens digit of 82203348?
4
What is the millions digit of 1376958611?
6
What is the hundred millions digit of 125878894?
1
What is the hundreds digit of 74818499?
4
What is the tens digit of 108210678?
7
What is the tens digit of 43560298?
9
What is the ten millions digit of 1561790417?
6
What is the thousands digit of 244778311?
8
What is the ten millions digit of 393835282?
9
What is the hundred thousands digit of 8692445?
6
What is the ten thousands digit of 48488881?
8
What is the hundred millions digit of 681352998?
6
What is the ten millions digit of 3116325502?
1
What is the hundred thousands digit of 769645677?
6
What is the hundreds digit of 39722129?
1
What is the ten thousands digit of 294682041?
8
What is the hundred millions digit of 481268910?
4
What is the thousands digit of 11399566?
9
What is the millions digit of 651212452?
1
What is the units digit of 110842717?
7
What is the millions digit of 6793755680?
3
What is the hundred millions digit of 110883193?
1
What is the hundred thousands digit of 31432457?
4
What is the tens digit of 76273808?
0
What is the millions digit of 1016033050?
6
What is the ten thousands digit of 280137730?
3
What is the units digit of 376545?
5
What is the units digit of 176552057?
7
What is the billions digit of 5540712618?
5
What is the hundred thousands digit of 794141512?
1
What is the units digit of 1950234524?
4
What is the units digit of 46420057?
7
What is the hundred millions digit of 162502563?
1
What is the ten thousands digit of 1091873978?
7
What is the tens digit of 274106054?
5
What is the hundred millions digit of 118933548?
1
What is the millions digit of 358983333?
8
What is the units digit of 2149721911?
1
What is the hundred millions digit of 401704187?
4
What is the ten millions digit of 42274352?
4
What is the ten millions digit of 224773109?
2
What is the units digit of 120878161?
1
What is the thousands digit of 1042786450?
6
What is the thousands digit of 299919679?
9
What is the thousands digit of 1374049763?
9
What is the ten thousands digit of 324571065?
7
What is the tens digit of 489339085?
8
What is the ten millions digit of 1289408333?
8
What is the thousands digit of 82687306?
7
What is the ten millions digit of 368371741?
6
What is the billions digit of 3603163542?
3
What is the tens digit of 54850447?
4
What is the units digit of 410707725?
5
What is the ten thousands digit of 84452197?
5
What is the units digit of 70830958?
8
What is the thousands digit of 141029338?
9
What is the ten millions digit of 58839006?
5
What is the tens digit of 8551765425?
2
What is the thousands digit of 7398696?
8
What is the ten thousands digit of 881643145?
4
What is the thousands digit of 28984987?
4
What is the hundreds digit of 40171870?
8
What is the tens digit of 1574999189?
8
What is the hundreds digit of 168308252?
2
What is the units digit of 2719366?
6
What is the hundred thousands digit of 43553312?
5
What is the units digit of 310807623?
3
What is the hundred thousands digit of 1350599202?
5
What is the millions digit of 98658065?
8
What is the ten millions digit of 19870597?
1
What is the units digit of 25794246?
6
What is the units digit of 1548564920?
0
What is the ten thousands digit of 10907843?
0
What is the ten thousands digit of 492117393?
1
What is the ten millions digit of 4210804222?
1
What i